 factors of q.
2, 521
Let n(v) = -493*v + 14203. List the prime factors of n(13).
2, 3, 433
Suppose -10*d + 11*d = 5*y - 27587, -4*y = -2*d - 22072. What are the prime factors of y?
3, 613
Suppose 21 - 5 = 4*h. Let b be (-180)/(-40) + (-2)/h. Suppose -o - 65 = b*d - 477, 3*o = d - 103. What are the prime factors of d?
103
Suppose 2*j = 5*x - j - 13, j = x - 3. Suppose 0 = x*l + 9 - 21. Suppose l*h + 151 = 583. What are the prime factors of h?
2, 3
Let f = -6320 + 12440. List the prime factors of f.
2, 3, 5, 17
Suppose 0 = -5*n, -q + 5172 = -32*n + 30*n. What are the prime factors of q?
2, 3, 431
Let g(j) = -5*j - 25 + j**2 + 11*j + 16 + 8. Let b be g(-7). Suppose -2*u - b*u = -752. What are the prime factors of u?
2, 47
Let i(c) = c**3 + 91*c**2 + 2016*c + 7. What are the prime factors of i(-47)?
3, 19, 43
Let n = 751 + -1299. Let q = n - -1167. List the prime factors of q.
619
Let o(v) = -v - 1. Let d be o(-5). Suppose 0*u + 1189 = 3*r - d*u, -3*u = r - 392. Suppose -c - r = -6*c. What are the prime factors of c?
79
Let l(j) be the second derivative of -j**5/10 + 59*j**4/12 + 7*j**3 - 7*j**2 + j - 2. What are the prime factors of l(30)?
2, 173
Suppose 201 = 3*k - 3*t, 3*k + k - t - 283 = 0. Suppose 0 = -k*f + 74*f - 1470. Suppose 4*q = 3*d + 723, -4*q + 3*d + f = 4*d. What are the prime factors of q?
3, 61
Suppose -2*f - 2*g + 13302 = 0, 13*f - 26667 = 9*f + 5*g. What are the prime factors of f?
2, 3329
Let j = 5 + 5. Suppose -j*u - 1230 = -16*u. What are the prime factors of u?
5, 41
Let y(n) = -3*n**2 - 6*n - 12. Let a be y(-2). What are the prime factors of -48*6*a/54?
2
Suppose j = -3*u - 157 + 1053, -2*u + 6 = 0. Suppose j = 7*z - 142. What are the prime factors of z?
3, 7
Suppose -264 = 11*c - 17*c. Let m(g) = 37*g + 42*g + c*g - 129*g - 31. List the prime factors of m(-14).
53
Suppose 223 - 67 = 4*x. Suppose 43*i - 316 = x*i. Suppose -5*r - y + 427 = 116, 0 = r - 4*y - i. What are the prime factors of r?
3, 7
Let p = -54442 - -78070. List the prime factors of p.
2, 3, 11, 179
Let d = -259 - -256. List the prime factors of (-30)/(34/(-10) - d).
3, 5
Let j(l) = -l**3 + 7*l**2 + 7*l + 11. Let q be j(8). Suppose -o - q*o + 12 = 0. Suppose -99 = o*u - 4*u. List the prime factors of u.
3, 11
Suppose d - 4 - 28 = 0. Let c = 38 - d. What are the prime factors of 3/(-2)*(-164)/c?
41
Let y(v) = -v**2 - 5*v - 10. Let a be y(-5). Let w be (-1704)/120 - 2/a. Let r(c) = c**2 + 7*c + 28. List the prime factors of r(w).
2, 3, 7
Let o(m) = -2*m**3 - 41*m**2 - 44*m + 3. Let r be o(-19). Let y = 1040 - r. What are the prime factors of y?
2, 3, 107
Suppose -17 = 4*z - 3*i, -z + i = 4*z + 13. Let o be 50/z*(7 + -8). Suppose -o - 37 = -d. What are the prime factors of d?
2, 31
Let l = 137 + -130. Suppose -7*c + 4718 = l*c. List the prime factors of c.
337
Let o(t) = t**3 - 13*t**2 + 3*t - 15. Let h = -10 - -10. Let z be 16 + (h - -9)*3/(-9). List the prime factors of o(z).
2, 3
Suppose 456805 = 334*t - 655944 - 1451035. List the prime factors of t.
2, 19, 101
Suppose -2*j = 12*j - 28. What are the prime factors of j - (-841 - (-1 + -1))?
29
Let y be ((-3)/2 + 1)/(1/(-4)). Suppose -5*w - 17 = -y. List the prime factors of 1*-109*(w - -2).
109
Let a be 95 + 0 - (24 + -30). Suppose -2*q - a = -1055. List the prime factors of q.
3, 53
Let t = 1672 - -2662. Suppose t = 5*g - j - j, 4349 = 5*g + 3*j. List the prime factors of (-2)/4 - (-8)/(64/g).
2, 3
Let w be (-1215)/(-35) + (-26)/(-91). Let f(g) = -21*g**3 + g**2 - g + 1. Let x be f(2). What are the prime factors of 21*(-3 - x/w)?
2, 3
Let i(z) = 5*z**2 + 2*z - 6. Let h be 16/(-12)*1*3. Let a be i(h). Let b = a + 44. What are the prime factors of b?
2, 5, 11
What are the prime factors of (-4882 - -1)*(-2)/3*(-756)/(-1512)?
1627
Let o(r) = -r**2 - 28*r - 126. Let x be o(-22). Suppose -3*t - 4365 = -3*c, 10*c - 5815 = x*c + 5*t. What are the prime factors of c?
2, 5, 73
Let x = -4871 - -24411. List the prime factors of x.
2, 5, 977
Suppose 10*z = -3*a + 248830, -38*a + 74649 = 3*z - 33*a. What are the prime factors of z?
149, 167
Suppose -15*u + 3*u = -219996. Suppose -12*c + 33*c = u. List the prime factors of c.
3, 97
Let r(o) = -o**2 - 26*o + 1608. Let z be r(29). Let v(h) = 75*h + 5. Let w be v(5). Suppose -z*m = -9*m - w. List the prime factors of m.
5, 19
Suppose 25 = -5*c + c - 3*w, -4*c - 13 = -w. Let z be c/8*26*19. Let n = z - -369. What are the prime factors of n?
2, 61
Let b(k) be the first derivative of 7/3*k**3 + 6 - 2*k**2 + 1/4*k**4 + 6*k. List the prime factors of b(-7).
2, 17
Let q(i) = 281*i**2 + 39*i + 19. What are the prime factors of q(-10)?
3, 13, 79
What are the prime factors of 652883/695 - (-4)/(-10)?
3, 313
Let a(z) = -247*z**3 + 84*z**2 - 15*z - 20. List the prime factors of a(-6).
2, 13, 167
Suppose 0 = 24*g - 88 + 16. Suppose 0 = -f - 4, 2*o = g*o + f - 686. What are the prime factors of o?
2, 3, 5, 23
Let z(d) = 4*d**2 - 57*d + 219. What are the prime factors of z(41)?
2, 7, 47
Suppose -14*d + 16*d - 4 = 0. Suppose -900 = -d*b - b. Suppose -7*r = -13*r + b. What are the prime factors of r?
2, 5
Suppose -16*m + 6*m + 7510 = 0. Suppose -3318 = -758*z + m*z. List the prime factors of z.
2, 3, 79
Let h(p) = 6*p - 2. Let a be h(6). Suppose q = 4 + a. Suppose 8*t - q = 90. List the prime factors of t.
2
Let g be 2 + 1 + 373 + -1. Suppose 73*z - 4550 = 97*z - 902. Let p = g + z. List the prime factors of p.
223
Let a be 15/(-9) - 517008/(-72). Suppose 14*g - 3741 = a. What are the prime factors of g?
2, 3, 5, 13
List the prime factors of ((-44)/(-5))/(2/8545).
2, 11, 1709
Let i = 1096 + -508. Let h be (1/(-2) - -1)*i. Suppose -4*r + w = -h, -4*r + 210 = w - 80. List the prime factors of r.
73
Let z be ((-8)/(-24))/(1 + (-4640)/4644). Let a = z + -28. List the prime factors of a.
359
Suppose 5*s - 2215 = -r, 0*r - 5*r + 10991 = -3*s. Let d = 3291 - r. What are the prime factors of d?
1091
Suppose -19*l + 43705 + 263449 + 457615 = 0. List the prime factors of l.
3, 13417
Let t(a) = a**2 + 2*a - 4. Let x be t(-6). Suppose 4*h + 34 = 2*u - 0*u, 4*h + 115 = 5*u. Let p = x + u. List the prime factors of p.
47
Let x(g) = 6*g**2 + g. Let d be x(1). Let i(a) = -a**3 + a - 14*a**2 - 8*a + 23*a**2 + 6. List the prime factors of i(d).
5, 11
Let l = -111 + -57. Let q = l - -358. List the prime factors of q.
2, 5, 19
Let k(c) = -c**3 + 5*c**2 + 63*c + 33. Let l be k(11). Let o(g) be the first derivative of 2*g**3/3 + g**2/2 + 130*g - 2. List the prime factors of o(l).
2, 5, 13
Suppose -4*u = -3*u + 3*l - 34238, -8*u + 4*l + 273680 = 0. List the prime factors of u.
2, 17107
Suppose -167*b = -174*b + 1806. What are the prime factors of b?
2, 3, 43
Let z(o) = -o**3 - 15*o**2 - 12*o + 6. Let t be z(-14). Let m = t - 56. Let y = m + 132. List the prime factors of y.
2, 3
Let w be (-4)/14 - 352/(-56). Suppose w*z = 632 + 988. What are the prime factors of (3/5)/(9/z)?
2, 3
Suppose 2*o - 3*j = 329, -3*o = 2*o + 3*j - 833. Let r = 198 + o. What are the prime factors of r?
2, 7, 13
Suppose 0 = -2*y - w - 52 + 503, 3*y + 3*w = 681. Suppose -a + y = 3*d, 2*a + 2*d - 460 = -0*d. What are the prime factors of a?
233
Let r(l) = -l**3 - 8*l**2 - 15*l - 155. What are the prime factors of r(-15)?
5, 7, 47
Let z(q) = -2*q**2 - 11*q. Let l be z(-6). Let m be 4 + l + 12 + -2. What are the prime factors of 8/(4 - m) + 94?
2, 23
Let w(s) = -s**3 - 12*s**2 - 4*s + 16. Let k(i) = -3*i + 21. Let y be k(12). Let l be (y - 3)*(-2 - 24/(-9)). What are the prime factors of w(l)?
2
Let d(i) = -i**3 + 14*i**2 + 16*i - 15. Let v be d(15). What are the prime factors of (v - -1)*(2 - -253)?
3, 5, 17
Let r(t) = -t**2 + 38*t + 144. Let o be r(39). Let p = 276 + -183. Suppose o = 2*j - p. What are the prime factors of j?
3, 11
Let y(u) = 2*u**2 - 6*u + 83. List the prime factors of y(-47).
4783
Let b(o) = -39*o + 82 + 21*o**2 + 28*o**2 - 50*o**2 + 13*o. What are the prime factors of b(-19)?
5, 43
Let x(h) = h**2 - 5*h + 3. Let p be 6 + -8 + -2 + 10. Let m be x(p). What are the prime factors of (-24)/m*18/(-12)?
2
Suppose -54*y + 419203 + 3539645 = 0. What are the prime factors of y?
2, 29, 79
Suppose -2*b + 2 = 0, -5*l + 5*b + 8272 - 567 = 0. Let y = l + -807. List the prime factors of y.
3, 5, 7
Let l = 856 - 2522. Let c = -994 - l.